ermine v(b).
-4
Let z(f) = f**2 + 19*f + 20. Let s be z(-18). Let a(t) be the second derivative of t**3/6 - t**2/2 + 3*t + 1. Determine a(s).
1
Let m(q) = q**2 - 22*q + 48. Suppose -67*p + 5 = -66*p, 75 = 5*x - 5*p. Calculate m(x).
8
Suppose -7*g + 4*s - 5 = -4*g, 0 = 5*g + 3*s - 40. Let v be 1/(-3 - -2)*g. Let n(m) = -m**3 - 4*m**2 + 6*m - 5. Determine n(v).
-10
Let i(k) = 7*k + 13*k + 2 - 25*k + 8*k. Suppose 4*x = -0*d + 2*d - 6, -4*x - 12 = 0. Give i(d).
-7
Let c(x) = -x**3 + 2*x**2 - 3*x + 2. Let f = 2049 - 2049. Calculate c(f).
2
Suppose -5*c = 5*z, -4*z + 8*z = -4. Let f(y) be the first derivative of -c - 6*y - 1/2*y**2. What is f(-4)?
-2
Let q(g) = 14*g - 10 - 4*g - 2*g - 9*g. Determine q(-9).
-1
Let p(q) = -565 + q - 2*q + 10*q**2 + 561 + q**3 - 5*q**2. Determine p(-5).
1
Let s(r) be the second derivative of -r**3/6 + 13*r**2/2 + 118*r. Calculate s(12).
1
Let i(m) = 2*m - 3. Let r(l) = 2*l**2 - 2*l + 2. Let q be r(2). Suppose 2*g + 4*f - 8 = q*g, 0 = -g + 3*f - 12. What is i(g)?
3
Let s(l) = -3*l**2 - 8*l + 12. Suppose d = 4*t - 34, -d - 22 = -2*t + 2*d. Let o(c) = -c**2 - 3*c + 4. Let j(k) = t*o(k) - 3*s(k). What is j(0)?
-4
Let j be (-1)/((-11)/(-31)) - 38/209. Let u(f) = 67*f**3 - 7*f**2 + 3*f - 2. Let k(y) = -34*y**3 + 4*y**2 - 2*y + 1. Let r(z) = j*u(z) - 5*k(z). Give r(-1).
32
Let x = 7 - 14. Let s = -16 + 20. Let p(a) = 2*a**3 + 5*a**2 - 5*a - 15. Let k(j) = j**3 + 2*j**2 - 2*j - 8. Let d(n) = s*p(n) - 7*k(n). Give d(x).
-11
Let p(c) = c**2 - c + 5. Let a(z) = -2*z**2 - 7*z. Let r(k) = -a(k) - 3*p(k). Give r(5).
10
Suppose -6 = 4*h + 22. Let q = h + 16. Let w(n) = -11 - q*n + 0 + 8*n - n**2. What is w(0)?
-11
Let c(d) = d**3 + 2*d**2 + 3*d + 2. Let b be c(-2). Let v be 10/5 + 1 + -2. Let k(y) = -1 - v - y + 0*y + 0*y. Calculate k(b).
2
Let v(s) = 0*s - 3 + 0 + 3*s + 5. Let k be v(4). Suppose k*l = 13*l + 2. Let y(h) = 3*h - 3. Calculate y(l).
3
Let r(g) be the first derivative of -g**4/4 - g**3 - g - 4. Let w be 0/(-1)*16/(-48) + -4. Calculate r(w).
15
Let q be (2/(-3))/(4/(-66)). Let t = q + -9. Suppose -3*o + 0*o = 4*v + 25, t*o + 15 = -v. Let k(f) = f**2 + 7*f + 5. Calculate k(o).
5
Let g(o) = -8*o**2 + 23*o - 8. Suppose 0*h = 5*h - 55. Let k(t) = 3*t**2 - 8*t + 3. Let n(w) = h*k(w) + 4*g(w). What is n(-3)?
-2
Let s(t) = 1 + 3 + 5052*t - 5053*t - 3. Determine s(-2).
3
Suppose 4*p = -0*p - 12. Suppose -b - 3*s - 3 = 5, -s = 4. Let h(q) = -4 - q**2 - b + 8. Determine h(p).
-9
Let m(i) = -7*i - 2. Let a(y) = -27*y - 9. Let t(f) = a(f) - 4*m(f). Calculate t(2).
1
Let t(p) = p**3 + 7*p**2 - 7*p + 2. Let r be t(-8). Let s(c) be the second derivative of -5*c + 0 + c**2 + 1/3*c**3. Give s(r).
-10
Let d(f) = 5 + 6*f - 11 + 2 + 3. What is d(-3)?
-19
Let i = 5 - 4. Let g(a) be the first derivative of 0*a**3 - 2*a**3 + 2*a**3 + a**3 + 9. Determine g(i).
3
Let y(o) = -o**2 - 6*o + 2. Suppose -3*g + 5 = -5*m, -4*g + 1 = -2*m - 1. Suppose 9*h - 8*h + 5 = g. Give y(h).
7
Let t(j) = -j - 7. Let d(q) = -q - 13. Let h(f) = 3*d(f) - 5*t(f). Let z be h(0). Let b(i) = 3*i - 3*i + 2*i. What is b(z)?
-8
Let r(x) = x**3 + 16*x**2 + 14*x - 1. Let s be r(-15). Let a = 9 - s. Let y(v) = -v**2 - 3*v + 5. Calculate y(a).
-5
Let w(i) = -i**2 - 5*i - 4. Let p be w(-3). Suppose p = 2*l - 0. Let s(t) = -t**2 + 3 + 0 - t + 0 - l. Determine s(-2).
0
Let f = -3 + 7. Suppose -4*m - 8 = 0, -5*c + f*m = -9 - 19. Let p(v) = -v + 2*v - c*v. What is p(2)?
-6
Let y(l) be the first derivative of -2*l**3 - l + 29. Let w be (-48)/28 + 2/(-7). Let o = w + 3. Give y(o).
-7
Let k(v) = 3*v - 39. Let o(p) = p - 14. Let z(b) = -4*k(b) + 11*o(b). Let g(w) = -w**3 + w**2 + 3*w - 1. Let d be g(2). Give z(d).
1
Let q(z) = -7 - 2 + 12 + 2*z. Suppose -6*h - 50 = -h. Let u(k) = -k - 14. Let l be u(h). Calculate q(l).
-5
Let f(q) = -2*q - 18. Let l = -671 + 658. Determine f(l).
8
Let u(t) = -3*t + 9*t**3 + 7 + 3*t**3 + 13*t + 11*t**2 - t**3 - 12*t**3. Determine u(12).
-17
Let u(k) = k**3 + 8*k**2 - 7*k - 3. Let c be 35/(-6 - 1) + -4. What is u(c)?
-21
Suppose 3*i = l - 49, 5*i - 4*l = -8*l - 59. Let o(t) = -7 - t - 8 + 0 + 3. Calculate o(i).
3
Let d(l) = -17*l - 3 + 11*l + 5*l - 1. Give d(-12).
8
Let f(m) be the third derivative of -m**5/60 - m**4/4 + m**3 - 23*m**2. Suppose -6 = -5*w - 1. Let n(r) = -6*r**2 - 1. Let c be n(w). Calculate f(c).
-1
Let b(m) = 62*m - 87*m - 12*m**2 - 14 + 39*m + m**3. What is b(11)?
19
Let a(k) = -2*k**2 + k - 2. Let o = -267 + 269. Determine a(o).
-8
Let l(m) = m - 3. Let w(z) = -z**3 - 4*z**2 - z - 4. Let o be w(-4). Suppose o = 5*u - 4*g - 30, 3*g = 4*u - g - 24. Suppose -6*v + 6 = -u. Determine l(v).
-1
Let x = -13 + 17. Let s(u) = -x - 3*u**2 + 6*u + 0*u**2 + 2*u**2 - 5. Suppose -4*j - r = -6*r - 14, 4*j - 18 = 3*r. Determine s(j).
-9
Let w(o) = -11*o + 15*o - o + 4 + 2 + 1. What is w(-6)?
-11
Suppose 7*p = 8*p. Let f(o) = 2771 + 4*o - 2756 - 5*o. Give f(p).
15
Suppose -6 = -6*q + 4*q. Let h(c) be the second derivative of 3/2*c**2 + 0 + 44*c - 1/6*c**3 + 1/12*c**4. Calculate h(q).
9
Let k(i) = -i**3 - 6*i**2 - 10*i - 17. Let a be k(-4). Let t(x) = x + 4. Determine t(a).
-5
Let d(w) = 1 - 639*w - 642*w + 1292*w. Give d(-2).
-21
Let i(v) = 5*v + 3. Let x = -81 - -57. Let s be ((-8)/x)/(3/(-18)). Calculate i(s).
-7
Let l(i) = 6*i. Suppose 8 = -a + 5*a. Suppose 2*b - 10 = -a. Suppose p - b = -p. Determine l(p).
12
Let i be 308/(-49) - -6 - (-327)/(-7). Let g = i - -48. Let k(x) be the second derivative of -9*x**5/20 + x**4/6 - x**2/2 - x. Give k(g).
-8
Suppose -6*l + 2*l - 32 = 3*x, 5*x = 3*l - 34. Let h(y) = y + 18. What is h(x)?
10
Let l(z) = -5*z + 20*z - 9*z - 8*z - 2*z + 34. Determine l(10).
-6
Let t be -1 - (-1)/((-2)/(-4)). Let q = 3 + t. Let n(s) be the first derivative of 3*s**2/2 - 4*s + 47. Calculate n(q).
8
Let r be 3/(-2 + 5)*3. Let p(n) = r*n - 1 - n**2 - 3*n + 4. Let y(o) = 3*o - 21. Let x be y(6). Give p(x).
-6
Let n be 17/((-60)/40*(-2)/(-3)). Let v(r) = -r**2 - 16*r + 11. Calculate v(n).
-6
Let h(b) = 11*b**2 - 23*b + 26. Let k(f) = 5*f**2 - 11*f + 12. Let y(s) = 4*h(s) - 9*k(s). Determine y(8).
-12
Suppose 0 = 2*c + 6*c - 32. Suppose -c*g + 4*b - 16 = 0, -3*b + 0 = -2*g - 7. Let t(k) = -k**3 - 6*k**2 - 5*k + 3. What is t(g)?
3
Let q(m) be the first derivative of -m**3/3 - 3*m**2 + 13*m + 142. Give q(-8).
-3
Let w(r) = r. Let f(x) = 5*x + 2. Let j(s) = f(s) + 2*w(s). What is j(-1)?
-5
Let k(q) = 9*q**2 - 11*q - 7. Let u(d) = 11*d**2 - 11*d - 6. Let n(r) = -6*k(r) + 5*u(r). What is n(-9)?
-6
Suppose 5*b - 3*v + 9 = 0, 4*b - 4*v + 14 = 10. Let x(m) = 11*m - 4. Determine x(b).
-37
Let n be (4/(-10))/((7/(-70))/(-1)). Let s be (n/(-6))/((-36)/(-162)). Let c(i) = -2*i**2 + 3*i + 1. Determine c(s).
-8
Let j(q) = q**3 - 1. Let s be 80/(-15)*3/(-2). Suppose 0 = -s*v + 5 + 3. Determine j(v).
0
Let l(z) be the first derivative of 2*z**3/3 - 5*z**2/2 + 3*z - 252. Let b = 6 - 3. Determine l(b).
6
Let r(o) = o**3 + 4*o**2 + 2*o - 1. Let w(l) = 9*l + 8. Let h be w(6). Let n be 9/(-18) - h/4. Let p = n + 13. What is r(p)?
2
Let n(w) = -w - 3*w**3 + 2*w + 2*w**2 + 3*w - 3*w. Let s(b) = b**2 - 19*b - 1. Suppose 2*v - p = 2*p + 50, -79 = -5*v - 4*p. Let m be s(v). Determine n(m).
4
Let j be (1 - -2) + -1 + 2. Suppose 4*y = 9*y + 4*g - 12, 4*g = -j*y + 12. Suppose 0 = -2*p - y*p + 10. Let d(f) = f**2 - 9*f + 7. Determine d(p).
-13
Let v(g) be the first derivative of -g**2/2 + g + 151. Give v(2).
-1
Let u(y) be the second derivative of -2*y - y**2 - y + 0*y + 10*y - y**3. Determine u(-2).
10
Let l(k) = -k - 1. Suppose -r + 3*r = 4. Let f(y) = -y. Let o(m) = 6*m - 4. Let d(g) = r*o(g) + 10*f(g). Let t(s) = d(s) + 3*l(s). What is t(-5)?
-6
Let v(t) = 3 + 2*t**2 - t - t**2 - 2. Let q(u) = 5*u**2 - 7*u + 3. Let w(s) = -q(s) + 4*v(s). Suppose -66*h = -72*h + 12. What is w(h)?
3
Let h(x) = -x**3 + 8*x**2 + 2*x - 12. Suppose 5*w + 5*r = r + 56, -3*w = -4*r - 8. Let g be h(w). Let l(u) = -3*u + g*u + 2 - 5*u. Calculate l(2).
-6
Suppose 14*z - 5*z = -9. Let k(a) = -2*a**2 + 1 + 0*a + 10*a**2 + a - 4*a**2. Determine k(z).
4
Let z(k) = k**2. Let l(x) be the second derivative of -x**4/12 - 3*x**3/2 - 7*x**2 - 8*x. Let y be l(-7). Let b = -2 - y. Calculate z(b).
4
Let s(r) be the third derivative of 0*r + 1/60*r**5 + 0 + r**3 - 3/8*r**4 + 40*r**2. Determine s(7).
